[INFO] cloning repository https://github.com/HosseinShahrokhi-mg/sum_consecutives
[INFO] running `Command { std: "git" "-c" "credential.helper=" "-c" "credential.helper=/workspace/cargo-home/bin/git-credential-null" "clone" "--bare" "https://github.com/HosseinShahrokhi-mg/sum_consecutives" "/workspace/cache/git-repos/https%3A%2F%2Fgithub.com%2FHosseinShahrokhi-mg%2Fsum_consecutives", kill_on_drop: false }`
[INFO] [stderr] Cloning into bare repository '/workspace/cache/git-repos/https%3A%2F%2Fgithub.com%2FHosseinShahrokhi-mg%2Fsum_consecutives'...
[INFO] running `Command { std: "git" "rev-parse" "HEAD", kill_on_drop: false }`
[INFO] [stdout] 09df9f1189bae25536dd97ef9af2666f470402e5
[INFO] checking HosseinShahrokhi-mg/sum_consecutives against master#e6e4f7ed1589e03bc2f6c5931c1a72e7947e8682 for beta-170-4
[INFO] running `Command { std: "git" "clone" "/workspace/cache/git-repos/https%3A%2F%2Fgithub.com%2FHosseinShahrokhi-mg%2Fsum_consecutives" "/workspace/builds/worker-5-tc2/source", kill_on_drop: false }`
[INFO] [stderr] Cloning into '/workspace/builds/worker-5-tc2/source'...
[INFO] [stderr] done.
[INFO] validating manifest of git repo https://github.com/HosseinShahrokhi-mg/sum_consecutives on toolchain e6e4f7ed1589e03bc2f6c5931c1a72e7947e8682
[INFO] running `Command { std: CARGO_HOME="/workspace/cargo-home" RUSTUP_HOME="/workspace/rustup-home" "/workspace/cargo-home/bin/cargo" "+e6e4f7ed1589e03bc2f6c5931c1a72e7947e8682" "metadata" "--manifest-path" "Cargo.toml" "--no-deps", kill_on_drop: false }`
[INFO] started tweaking git repo https://github.com/HosseinShahrokhi-mg/sum_consecutives
[INFO] finished tweaking git repo https://github.com/HosseinShahrokhi-mg/sum_consecutives
[INFO] tweaked toml for git repo https://github.com/HosseinShahrokhi-mg/sum_consecutives written to /workspace/builds/worker-5-tc2/source/Cargo.toml
[INFO] crate git repo https://github.com/HosseinShahrokhi-mg/sum_consecutives already has a lockfile, it will not be regenerated
[INFO] running `Command { std: CARGO_HOME="/workspace/cargo-home" RUSTUP_HOME="/workspace/rustup-home" "/workspace/cargo-home/bin/cargo" "+e6e4f7ed1589e03bc2f6c5931c1a72e7947e8682" "fetch" "--manifest-path" "Cargo.toml", kill_on_drop: false }`
[INFO] running `Command { std: "docker" "create" "-v" "/var/lib/crater-agent-workspace/builds/worker-5-tc2/target:/opt/rustwide/target:rw,Z" "-v" "/var/lib/crater-agent-workspace/builds/worker-5-tc2/source:/opt/rustwide/workdir:ro,Z" "-v" "/var/lib/crater-agent-workspace/cargo-home:/opt/rustwide/cargo-home:ro,Z" "-v" "/var/lib/crater-agent-workspace/rustup-home:/opt/rustwide/rustup-home:ro,Z" "-e" "SOURCE_DIR=/opt/rustwide/workdir" "-e" "CARGO_TARGET_DIR=/opt/rustwide/target" "-e" "CARGO_HOME=/opt/rustwide/cargo-home" "-e" "RUSTUP_HOME=/opt/rustwide/rustup-home" "-w" "/opt/rustwide/workdir" "-m" "1610612736" "--user" "0:0" "--network" "none" "ghcr.io/rust-lang/crates-build-env/linux@sha256:19e73879b68f455e41552ea35293514db52ea292d993f571636dbffedb77a1ee" "/opt/rustwide/cargo-home/bin/cargo" "+e6e4f7ed1589e03bc2f6c5931c1a72e7947e8682" "metadata" "--no-deps" "--format-version=1", kill_on_drop: false }`
[INFO] [stdout] 5df0b3d9a243eab121bd3dd65cecf2c1abce1f9d3a3de0f80bb2155b7e4a7c16
[INFO] running `Command { std: "docker" "start" "-a" "5df0b3d9a243eab121bd3dd65cecf2c1abce1f9d3a3de0f80bb2155b7e4a7c16", kill_on_drop: false }`
[INFO] running `Command { std: "docker" "inspect" "5df0b3d9a243eab121bd3dd65cecf2c1abce1f9d3a3de0f80bb2155b7e4a7c16", kill_on_drop: false }`
[INFO] running `Command { std: "docker" "rm" "-f" "5df0b3d9a243eab121bd3dd65cecf2c1abce1f9d3a3de0f80bb2155b7e4a7c16", kill_on_drop: false }`
[INFO] [stdout] 5df0b3d9a243eab121bd3dd65cecf2c1abce1f9d3a3de0f80bb2155b7e4a7c16
[INFO] running `Command { std: "docker" "create" "-v" "/var/lib/crater-agent-workspace/builds/worker-5-tc2/target:/opt/rustwide/target:rw,Z" "-v" "/var/lib/crater-agent-workspace/builds/worker-5-tc2/source:/opt/rustwide/workdir:ro,Z" "-v" "/var/lib/crater-agent-workspace/cargo-home:/opt/rustwide/cargo-home:ro,Z" "-v" "/var/lib/crater-agent-workspace/rustup-home:/opt/rustwide/rustup-home:ro,Z" "-e" "SOURCE_DIR=/opt/rustwide/workdir" "-e" "CARGO_TARGET_DIR=/opt/rustwide/target" "-e" "CARGO_INCREMENTAL=0" "-e" "RUST_BACKTRACE=full" "-e" "RUSTFLAGS=--cap-lints=forbid" "-e" "RUSTDOCFLAGS=--cap-lints=forbid" "-e" "CARGO_HOME=/opt/rustwide/cargo-home" "-e" "RUSTUP_HOME=/opt/rustwide/rustup-home" "-w" "/opt/rustwide/workdir" "-m" "1610612736" "--user" "0:0" "--network" "none" "ghcr.io/rust-lang/crates-build-env/linux@sha256:19e73879b68f455e41552ea35293514db52ea292d993f571636dbffedb77a1ee" "/opt/rustwide/cargo-home/bin/cargo" "+e6e4f7ed1589e03bc2f6c5931c1a72e7947e8682" "check" "--frozen" "--all" "--all-targets" "--message-format=json", kill_on_drop: false }`
[INFO] [stdout] 4f97e055843781f12cf05574f44d5906a7ccedff234355d60fbcfc60542c8f25
[INFO] running `Command { std: "docker" "start" "-a" "4f97e055843781f12cf05574f44d5906a7ccedff234355d60fbcfc60542c8f25", kill_on_drop: false }`
[INFO] [stderr]     Checking sum_consecutive v0.1.0 (/opt/rustwide/workdir)
[INFO] [stdout] error[E0610]: `{integer}` is a primitive type and therefore doesn't have fields
[INFO] [stdout]   --> src/main.rs:18:31
[INFO] [stdout]    |
[INFO] [stdout] 18 |         if *i == numbers[*i+1.unwrap]{
[INFO] [stdout]    |                               ^^^^^^
[INFO] [stdout] 
[INFO] [stdout] 
[INFO] [stdout] error[E0610]: `{integer}` is a primitive type and therefore doesn't have fields
[INFO] [stdout]   --> src/main.rs:18:31
[INFO] [stdout]    |
[INFO] [stdout] 18 |         if *i == numbers[*i+1.unwrap]{
[INFO] [stdout]    |                               ^^^^^^
[INFO] [stdout] 
[INFO] [stdout] 
[INFO] [stdout] error[E0277]: the type `[i32]` cannot be indexed by `i32`
[INFO] [stdout]   --> src/main.rs:18:26
[INFO] [stdout]    |
[INFO] [stdout] 18 |         if *i == numbers[*i+1.unwrap]{
[INFO] [stdout]    |                          ^^^^^^^^^^^ slice indices are of type `usize` or ranges of `usize`
[INFO] [stdout]    |
[INFO] [stdout]    = help: the trait `SliceIndex<[i32]>` is not implemented for `i32`
[INFO] [stdout]    = help: the trait `SliceIndex<[T]>` is implemented for `usize`
[INFO] [stdout]    = note: required for `Vec<i32>` to implement `Index<i32>`
[INFO] [stdout] 
[INFO] [stdout] 
[INFO] [stdout] error[E0277]: the type `[i32]` cannot be indexed by `i32`
[INFO] [stdout]   --> src/main.rs:18:26
[INFO] [stdout]    |
[INFO] [stdout] 18 |         if *i == numbers[*i+1.unwrap]{
[INFO] [stdout]    |                          ^^^^^^^^^^^ slice indices are of type `usize` or ranges of `usize`
[INFO] [stdout]    |
[INFO] [stdout]    = help: the trait `SliceIndex<[i32]>` is not implemented for `i32`
[INFO] [stdout]    = help: the trait `SliceIndex<[T]>` is implemented for `usize`
[INFO] [stdout]    = note: required for `Vec<i32>` to implement `Index<i32>`
[INFO] [stdout] 
[INFO] [stdout] 
[INFO] [stdout] error: aborting due to 2 previous errors
[INFO] [stdout] 
[INFO] [stdout] 
[INFO] [stdout] Some errors have detailed explanations: E0277, E0610.
[INFO] [stdout] 
[INFO] [stdout] For more information about an error, try `rustc --explain E0277`.
[INFO] [stdout] 
[INFO] [stdout] error: aborting due to 2 previous errors
[INFO] [stdout] 
[INFO] [stdout] 
[INFO] [stdout] Some errors have detailed explanations: E0277, E0610.
[INFO] [stdout] 
[INFO] [stdout] For more information about an error, try `rustc --explain E0277`.
[INFO] [stdout] 
[INFO] [stderr] error: could not compile `sum_consecutive` (bin "sum_consecutive") due to 3 previous errors
[INFO] [stderr] warning: build failed, waiting for other jobs to finish...
[INFO] [stderr] error: could not compile `sum_consecutive` (bin "sum_consecutive" test) due to 3 previous errors
[INFO] running `Command { std: "docker" "inspect" "4f97e055843781f12cf05574f44d5906a7ccedff234355d60fbcfc60542c8f25", kill_on_drop: false }`
[INFO] running `Command { std: "docker" "rm" "-f" "4f97e055843781f12cf05574f44d5906a7ccedff234355d60fbcfc60542c8f25", kill_on_drop: false }`
[INFO] [stdout] 4f97e055843781f12cf05574f44d5906a7ccedff234355d60fbcfc60542c8f25
